{"id":224,"date":"2023-02-09T11:35:23","date_gmt":"2023-02-09T10:35:23","guid":{"rendered":"http:\/\/laportecahors.fr\/?page_id=224"},"modified":"2024-02-13T18:04:43","modified_gmt":"2024-02-13T17:04:43","slug":"accueil","status":"publish","type":"page","link":"https:\/\/laportecahors.fr\/","title":{"rendered":"Accueil"},"content":{"rendered":"\t\t<div data-elementor-type=\"wp-page\" data-elementor-id=\"224\" class=\"elementor elementor-224\" data-elementor-post-type=\"page\">\n\t\t\t\t\t\t<section class=\"elementor-section elementor-top-section elementor-element elementor-element-2daff3a elementor-section-boxed elementor-section-height-default elementor-section-height-default\" data-id=\"2daff3a\" data-element_type=\"section\">\n\t\t\t\t\t\t<div class=\"elementor-container elementor-column-gap-default\">\n\t\t\t\t\t<div class=\"elementor-column elementor-col-66 elementor-top-column elementor-element elementor-element-68387b5\" data-id=\"68387b5\" data-element_type=\"column\">\n\t\t\t<div class=\"elementor-widget-wrap elementor-element-populated\">\n\t\t\t\t\t\t<div class=\"elementor-element elementor-element-c999c60 elementor-widget elementor-widget-spacer\" data-id=\"c999c60\" data-element_type=\"widget\" data-widget_type=\"spacer.default\">\n\t\t\t\t<div class=\"elementor-widget-container\">\n\t\t\t<style>\/*! elementor - v3.20.0 - 13-03-2024 *\/\n.elementor-column .elementor-spacer-inner{height:var(--spacer-size)}.e-con{--container-widget-width:100%}.e-con-inner>.elementor-widget-spacer,.e-con>.elementor-widget-spacer{width:var(--container-widget-width,var(--spacer-size));--align-self:var(--container-widget-align-self,initial);--flex-shrink:0}.e-con-inner>.elementor-widget-spacer>.elementor-widget-container,.e-con>.elementor-widget-spacer>.elementor-widget-container{height:100%;width:100%}.e-con-inner>.elementor-widget-spacer>.elementor-widget-container>.elementor-spacer,.e-con>.elementor-widget-spacer>.elementor-widget-container>.elementor-spacer{height:100%}.e-con-inner>.elementor-widget-spacer>.elementor-widget-container>.elementor-spacer>.elementor-spacer-inner,.e-con>.elementor-widget-spacer>.elementor-widget-container>.elementor-spacer>.elementor-spacer-inner{height:var(--container-widget-height,var(--spacer-size))}.e-con-inner>.elementor-widget-spacer.elementor-widget-empty,.e-con>.elementor-widget-spacer.elementor-widget-empty{position:relative;min-height:22px;min-width:22px}.e-con-inner>.elementor-widget-spacer.elementor-widget-empty .elementor-widget-empty-icon,.e-con>.elementor-widget-spacer.elementor-widget-empty .elementor-widget-empty-icon{position:absolute;top:0;bottom:0;left:0;right:0;margin:auto;padding:0;width:22px;height:22px}<\/style>\t\t<div class=\"elementor-spacer\">\n\t\t\t<div class=\"elementor-spacer-inner\"><\/div>\n\t\t<\/div>\n\t\t\t\t<\/div>\n\t\t\t\t<\/div>\n\t\t\t\t<div class=\"elementor-element elementor-element-d58373f elementor-widget elementor-widget-image\" data-id=\"d58373f\" data-element_type=\"widget\" data-widget_type=\"image.default\">\n\t\t\t\t<div class=\"elementor-widget-container\">\n\t\t\t<style>\/*! elementor - v3.20.0 - 13-03-2024 *\/\n.elementor-widget-image{text-align:center}.elementor-widget-image a{display:inline-block}.elementor-widget-image a img[src$=\".svg\"]{width:48px}.elementor-widget-image img{vertical-align:middle;display:inline-block}<\/style>\t\t\t\t\t\t\t\t\t\t<img decoding=\"async\" src=\"https:\/\/laportecahors.fr\/wp-content\/uploads\/elementor\/thumbs\/LOGO-LAPORTE-1-q2aaupm5cfkmxp4b3tnr0unb912tycrig400a5t5ba.png\" title=\"LOGO LAPORTE\" alt=\"LOGO LAPORTE\" loading=\"lazy\" \/>\t\t\t\t\t\t\t\t\t\t\t\t\t<\/div>\n\t\t\t\t<\/div>\n\t\t\t\t\t<\/div>\n\t\t<\/div>\n\t\t\t\t<div class=\"elementor-column elementor-col-33 elementor-top-column elementor-element elementor-element-e2e8989\" data-id=\"e2e8989\" data-element_type=\"column\">\n\t\t\t<div class=\"elementor-widget-wrap elementor-element-populated\">\n\t\t\t\t\t\t<div class=\"elementor-element elementor-element-aa9f292 elementor-widget elementor-widget-spacer\" data-id=\"aa9f292\" data-element_type=\"widget\" data-widget_type=\"spacer.default\">\n\t\t\t\t<div class=\"elementor-widget-container\">\n\t\t\t\t\t<div class=\"elementor-spacer\">\n\t\t\t<div class=\"elementor-spacer-inner\"><\/div>\n\t\t<\/div>\n\t\t\t\t<\/div>\n\t\t\t\t<\/div>\n\t\t\t\t<div class=\"elementor-element elementor-element-5121505 elementor-widget elementor-widget-text-editor\" data-id=\"5121505\" data-element_type=\"widget\" data-widget_type=\"text-editor.default\">\n\t\t\t\t<div class=\"elementor-widget-container\">\n\t\t\t<style>\/*! elementor - v3.20.0 - 13-03-2024 *\/\n.elementor-widget-text-editor.elementor-drop-cap-view-stacked .elementor-drop-cap{background-color:#69727d;color:#fff}.elementor-widget-text-editor.elementor-drop-cap-view-framed .elementor-drop-cap{color:#69727d;border:3px solid;background-color:transparent}.elementor-widget-text-editor:not(.elementor-drop-cap-view-default) .elementor-drop-cap{margin-top:8px}.elementor-widget-text-editor:not(.elementor-drop-cap-view-default) .elementor-drop-cap-letter{width:1em;height:1em}.elementor-widget-text-editor .elementor-drop-cap{float:left;text-align:center;line-height:1;font-size:50px}.elementor-widget-text-editor .elementor-drop-cap-letter{display:inline-block}<\/style>\t\t\t\t<ul class=\"rteBlock defaultList\"><li><h6><em><strong><span style=\"color: #ffffff;\">R\u00e9paration V\u00e9hicules Toutes Marques<\/span><\/strong><\/em><\/h6><\/li><li><h6><em><strong><span style=\"color: #ffffff;\">Distibuteur de pi\u00e8ces Automobiles<\/span><\/strong><\/em><\/h6><\/li><li><h6><em><strong><span style=\"color: #ffffff;\">Adaptation de v\u00e9hicules PMR-VU<\/span><\/strong><\/em><\/h6><\/li><li><h6><em><strong><span style=\"color: #ffffff;\">Di\u00e9s\u00e9liste\u00a0<\/span><\/strong><\/em><\/h6><\/li><li><h6><em><strong><span style=\"color: #ffffff;\">Pi\u00e8ces et accessoires autos (neuf)<\/span><\/strong><\/em><\/h6><\/li><li><em><strong><span style=\"color: #ffffff;\">Adaptation\u00a0 v\u00e9hicule Auto-\u00e9cole<\/span><\/strong><\/em><\/li><\/ul>\t\t\t\t\t\t<\/div>\n\t\t\t\t<\/div>\n\t\t\t\t\t<\/div>\n\t\t<\/div>\n\t\t\t\t\t<\/div>\n\t\t<\/section>\n\t\t\t\t<section class=\"elementor-section elementor-top-section elementor-element elementor-element-a34f502 elementor-section-boxed elementor-section-height-default elementor-section-height-default\" data-id=\"a34f502\" data-element_type=\"section\">\n\t\t\t\t\t\t<div class=\"elementor-container elementor-column-gap-default\">\n\t\t\t\t\t<div class=\"elementor-column elementor-col-100 elementor-top-column elementor-element elementor-element-7939521\" data-id=\"7939521\" data-element_type=\"column\">\n\t\t\t<div class=\"elementor-widget-wrap elementor-element-populated\">\n\t\t\t\t\t\t<div class=\"elementor-element elementor-element-068df64 elementor-widget elementor-widget-text-editor\" data-id=\"068df64\" data-element_type=\"widget\" data-widget_type=\"text-editor.default\">\n\t\t\t\t<div class=\"elementor-widget-container\">\n\t\t\t\t\t\t\t<h2><em><span style=\"color: #ffffff;\"><strong>Chers clients,<\/strong><\/span><\/em><\/h2><p><span style=\"color: #ffffff;\"><strong>Au nom de toute l&rsquo;\u00e9quipe, nous tenons \u00e0 vous remercier pour votre confiance et votre fid\u00e9lit\u00e9 tout au long de cette ann\u00e9e.<\/strong><\/span><br \/><span style=\"color: #ffffff;\"><strong>Nous sommes fiers de pouvoir compter sur vous et nous sommes reconnaissants de votre soutien.<\/strong><\/span><br \/><span style=\"color: #ffffff;\"><strong>Votre satisfaction est notre priorit\u00e9 absolue et nous nous engageons \u00e0 vous offrir les meilleurs produits et services possibles.<\/strong><\/span><br \/><span style=\"color: #ffffff;\"><strong>Nous sommes impatients de continuer \u00e0 travailler avec vous en 2024 pour faire de cette ann\u00e9e une nouvelle ann\u00e9e de succ\u00e8s.<\/strong><\/span><\/p><p><span style=\"color: #ffffff;\"><strong>En attendant, nous vous souhaitons de passer de joyeuses f\u00eates de fin d&rsquo;ann\u00e9e en famille et entre amis.<\/strong><\/span><\/p>\t\t\t\t\t\t<\/div>\n\t\t\t\t<\/div>\n\t\t\t\t\t<\/div>\n\t\t<\/div>\n\t\t\t\t\t<\/div>\n\t\t<\/section>\n\t\t\t\t<section class=\"elementor-section elementor-top-section elementor-element elementor-element-b48476a elementor-section-boxed elementor-section-height-default elementor-section-height-default\" data-id=\"b48476a\" data-element_type=\"section\">\n\t\t\t\t\t\t<div class=\"elementor-container elementor-column-gap-default\">\n\t\t\t\t\t<div class=\"elementor-column elementor-col-100 elementor-top-column elementor-element elementor-element-74f5dab\" data-id=\"74f5dab\" data-element_type=\"column\">\n\t\t\t<div class=\"elementor-widget-wrap elementor-element-populated\">\n\t\t\t\t\t\t<div class=\"elementor-element elementor-element-c3edb22 elementor-widget-divider--separator-type-pattern elementor-widget-divider--view-line elementor-widget elementor-widget-divider\" data-id=\"c3edb22\" data-element_type=\"widget\" data-widget_type=\"divider.default\">\n\t\t\t\t<div class=\"elementor-widget-container\">\n\t\t\t<style>\/*! elementor - v3.20.0 - 13-03-2024 *\/\n.elementor-widget-divider{--divider-border-style:none;--divider-border-width:1px;--divider-color:#0c0d0e;--divider-icon-size:20px;--divider-element-spacing:10px;--divider-pattern-height:24px;--divider-pattern-size:20px;--divider-pattern-url:none;--divider-pattern-repeat:repeat-x}.elementor-widget-divider .elementor-divider{display:flex}.elementor-widget-divider .elementor-divider__text{font-size:15px;line-height:1;max-width:95%}.elementor-widget-divider .elementor-divider__element{margin:0 var(--divider-element-spacing);flex-shrink:0}.elementor-widget-divider .elementor-icon{font-size:var(--divider-icon-size)}.elementor-widget-divider .elementor-divider-separator{display:flex;margin:0;direction:ltr}.elementor-widget-divider--view-line_icon .elementor-divider-separator,.elementor-widget-divider--view-line_text .elementor-divider-separator{align-items:center}.elementor-widget-divider--view-line_icon .elementor-divider-separator:after,.elementor-widget-divider--view-line_icon .elementor-divider-separator:before,.elementor-widget-divider--view-line_text .elementor-divider-separator:after,.elementor-widget-divider--view-line_text .elementor-divider-separator:before{display:block;content:\"\";border-block-end:0;flex-grow:1;border-block-start:var(--divider-border-width) var(--divider-border-style) var(--divider-color)}.elementor-widget-divider--element-align-left .elementor-divider .elementor-divider-separator>.elementor-divider__svg:first-of-type{flex-grow:0;flex-shrink:100}.elementor-widget-divider--element-align-left .elementor-divider-separator:before{content:none}.elementor-widget-divider--element-align-left .elementor-divider__element{margin-left:0}.elementor-widget-divider--element-align-right .elementor-divider .elementor-divider-separator>.elementor-divider__svg:last-of-type{flex-grow:0;flex-shrink:100}.elementor-widget-divider--element-align-right .elementor-divider-separator:after{content:none}.elementor-widget-divider--element-align-right .elementor-divider__element{margin-right:0}.elementor-widget-divider--element-align-start .elementor-divider .elementor-divider-separator>.elementor-divider__svg:first-of-type{flex-grow:0;flex-shrink:100}.elementor-widget-divider--element-align-start .elementor-divider-separator:before{content:none}.elementor-widget-divider--element-align-start .elementor-divider__element{margin-inline-start:0}.elementor-widget-divider--element-align-end .elementor-divider .elementor-divider-separator>.elementor-divider__svg:last-of-type{flex-grow:0;flex-shrink:100}.elementor-widget-divider--element-align-end .elementor-divider-separator:after{content:none}.elementor-widget-divider--element-align-end .elementor-divider__element{margin-inline-end:0}.elementor-widget-divider:not(.elementor-widget-divider--view-line_text):not(.elementor-widget-divider--view-line_icon) .elementor-divider-separator{border-block-start:var(--divider-border-width) var(--divider-border-style) var(--divider-color)}.elementor-widget-divider--separator-type-pattern{--divider-border-style:none}.elementor-widget-divider--separator-type-pattern.elementor-widget-divider--view-line .elementor-divider-separator,.elementor-widget-divider--separator-type-pattern:not(.elementor-widget-divider--view-line) .elementor-divider-separator:after,.elementor-widget-divider--separator-type-pattern:not(.elementor-widget-divider--view-line) .elementor-divider-separator:before,.elementor-widget-divider--separator-type-pattern:not([class*=elementor-widget-divider--view]) .elementor-divider-separator{width:100%;min-height:var(--divider-pattern-height);-webkit-mask-size:var(--divider-pattern-size) 100%;mask-size:var(--divider-pattern-size) 100%;-webkit-mask-repeat:var(--divider-pattern-repeat);mask-repeat:var(--divider-pattern-repeat);background-color:var(--divider-color);-webkit-mask-image:var(--divider-pattern-url);mask-image:var(--divider-pattern-url)}.elementor-widget-divider--no-spacing{--divider-pattern-size:auto}.elementor-widget-divider--bg-round{--divider-pattern-repeat:round}.rtl .elementor-widget-divider .elementor-divider__text{direction:rtl}.e-con-inner>.elementor-widget-divider,.e-con>.elementor-widget-divider{width:var(--container-widget-width,100%);--flex-grow:var(--container-widget-flex-grow)}<\/style>\t\t<div class=\"elementor-divider\" style=\"--divider-pattern-url: url(&quot;data:image\/svg+xml,%3Csvg xmlns=&#039;http:\/\/www.w3.org\/2000\/svg&#039; preserveAspectRatio=&#039;none&#039; overflow=&#039;visible&#039; height=&#039;100%&#039; viewBox=&#039;0 0 24 24&#039; fill=&#039;none&#039; stroke=&#039;black&#039; stroke-width=&#039;1&#039; stroke-linecap=&#039;square&#039; stroke-miterlimit=&#039;10&#039;%3E%3Cpath d=&#039;M0,6c6,0,0.9,11.1,6.9,11.1S18,6,24,6&#039;\/%3E%3C\/svg%3E&quot;);\">\n\t\t\t<span class=\"elementor-divider-separator\">\n\t\t\t\t\t\t<\/span>\n\t\t<\/div>\n\t\t\t\t<\/div>\n\t\t\t\t<\/div>\n\t\t\t\t\t<\/div>\n\t\t<\/div>\n\t\t\t\t\t<\/div>\n\t\t<\/section>\n\t\t\t\t<section class=\"elementor-section elementor-top-section elementor-element elementor-element-a4f48f4 elementor-section-boxed elementor-section-height-default elementor-section-height-default\" data-id=\"a4f48f4\" data-element_type=\"section\">\n\t\t\t\t\t\t<div class=\"elementor-container elementor-column-gap-default\">\n\t\t\t\t\t<div class=\"elementor-column elementor-col-33 elementor-top-column elementor-element elementor-element-7372ff2\" data-id=\"7372ff2\" data-element_type=\"column\">\n\t\t\t<div class=\"elementor-widget-wrap elementor-element-populated\">\n\t\t\t\t\t\t<div class=\"elementor-element elementor-element-edb1055 elementor-widget elementor-widget-text-editor\" data-id=\"edb1055\" data-element_type=\"widget\" data-widget_type=\"text-editor.default\">\n\t\t\t\t<div class=\"elementor-widget-container\">\n\t\t\t\t\t\t\t<p><span style=\"color: #ffffff;\"><b>N<\/b>otre entreprise familiale est sp\u00e9cialis\u00e9e dans la r\u00e9paration automobile.<br>Nous sommes fiers d&rsquo;\u00eatre une entreprise locale \u00e9tablie depuis de nombreuses ann\u00e9es sur Cahors.<\/span><\/p>\n<p><span style=\"color: #ffffff;\">Notre entreprise est sp\u00e9cialis\u00e9e dans la r\u00e9paration et l&rsquo;entretien de tous les types de v\u00e9hicules, des voitures de tourisme, v\u00e9hicules utilitaires et v\u00e9hicules adapt\u00e9s au personnes \u00e0 mobilit\u00e9 r\u00e9duite. Nous disposons d&rsquo;une \u00e9quipe de techniciens qualifi\u00e9s et exp\u00e9riment\u00e9s, qui sont passionn\u00e9s par leur travail et qui s&rsquo;efforcent de fournir un service de qualit\u00e9 \u00e0 chaque client.<\/span><\/p>\n<p><span style=\"color: #ffffff;\">Nous sommes \u00e9galement \u00e9quip\u00e9s des derni\u00e8res technologies et outils de diagnostic, ce qui nous permet de r\u00e9soudre les probl\u00e8mes techniques les plus complexes avec pr\u00e9cision et efficacit\u00e9. Nous sommes fiers de notre engagement envers la qualit\u00e9 et la satisfaction du client, et nous travaillons dur pour nous s&rsquo;assurer que chaque client reparte avec un v\u00e9hicule en parfait \u00e9tat de marche.<\/span><\/p>\n<p><span style=\"color: #ffffff;\">En tant qu&rsquo;entreprise familiale, nous sommes conscients de l&rsquo;importance de la confiance et de l&rsquo;honn\u00eatet\u00e9 dans nos relations avec nos clients. Nous nous effor\u00e7ons de maintenir cette confiance \u00e0 chaque fois que nous travaillons avec vous.<\/span><\/p>\n<p><span style=\"color: #ffffff;\">Nous vous souhaitons les bienvenus<\/span><br><span style=\"color: #ffffff;\">Aux \u00e9tablissements LAPORTE.<\/span><\/p>\t\t\t\t\t\t<\/div>\n\t\t\t\t<\/div>\n\t\t\t\t<div class=\"elementor-element elementor-element-ef0001d elementor-widget elementor-widget-spacer\" data-id=\"ef0001d\" data-element_type=\"widget\" data-widget_type=\"spacer.default\">\n\t\t\t\t<div class=\"elementor-widget-container\">\n\t\t\t\t\t<div class=\"elementor-spacer\">\n\t\t\t<div class=\"elementor-spacer-inner\"><\/div>\n\t\t<\/div>\n\t\t\t\t<\/div>\n\t\t\t\t<\/div>\n\t\t\t\t\t<\/div>\n\t\t<\/div>\n\t\t\t\t<div class=\"elementor-column elementor-col-66 elementor-top-column elementor-element elementor-element-e6f0715\" data-id=\"e6f0715\" data-element_type=\"column\">\n\t\t\t<div class=\"elementor-widget-wrap elementor-element-populated\">\n\t\t\t\t\t\t<div class=\"elementor-element elementor-element-1eac130 elementor-widget-divider--view-line elementor-widget elementor-widget-divider\" data-id=\"1eac130\" data-element_type=\"widget\" data-widget_type=\"divider.default\">\n\t\t\t\t<div class=\"elementor-widget-container\">\n\t\t\t\t\t<div class=\"elementor-divider\">\n\t\t\t<span class=\"elementor-divider-separator\">\n\t\t\t\t\t\t<\/span>\n\t\t<\/div>\n\t\t\t\t<\/div>\n\t\t\t\t<\/div>\n\t\t\t\t<div class=\"elementor-element elementor-element-17056ad elementor-widget elementor-widget-spacer\" data-id=\"17056ad\" data-element_type=\"widget\" data-widget_type=\"spacer.default\">\n\t\t\t\t<div class=\"elementor-widget-container\">\n\t\t\t\t\t<div class=\"elementor-spacer\">\n\t\t\t<div class=\"elementor-spacer-inner\"><\/div>\n\t\t<\/div>\n\t\t\t\t<\/div>\n\t\t\t\t<\/div>\n\t\t\t\t<div class=\"elementor-element elementor-element-d11639b elementor-widget elementor-widget-image\" data-id=\"d11639b\" data-element_type=\"widget\" data-widget_type=\"image.default\">\n\t\t\t\t<div class=\"elementor-widget-container\">\n\t\t\t\t\t\t\t\t\t\t\t\t\t<img decoding=\"async\" src=\"https:\/\/laportecahors.fr\/wp-content\/uploads\/elementor\/thumbs\/EquipeLaporte-1267w-q1kqhxr0hgedndlejuqte6j555covzw99c5lupwt82.jpg\" title=\"Equipe+Laporte-1267w\" alt=\"Equipe+Laporte-1267w\" loading=\"lazy\" \/>\t\t\t\t\t\t\t\t\t\t\t\t\t<\/div>\n\t\t\t\t<\/div>\n\t\t\t\t\t<\/div>\n\t\t<\/div>\n\t\t\t\t\t<\/div>\n\t\t<\/section>\n\t\t\t\t<section class=\"elementor-section elementor-top-section elementor-element elementor-element-024b2ad elementor-section-boxed elementor-section-height-default elementor-section-height-default\" data-id=\"024b2ad\" data-element_type=\"section\">\n\t\t\t\t\t\t<div class=\"elementor-container elementor-column-gap-default\">\n\t\t\t\t\t<div class=\"elementor-column elementor-col-33 elementor-top-column elementor-element elementor-element-6e40b70\" data-id=\"6e40b70\" data-element_type=\"column\">\n\t\t\t<div class=\"elementor-widget-wrap elementor-element-populated\">\n\t\t\t\t\t\t<div class=\"elementor-element elementor-element-60cb252 animated-slow elementor-invisible elementor-widget elementor-widget-image\" data-id=\"60cb252\" data-element_type=\"widget\" data-settings=\"{&quot;_animation&quot;:&quot;rotateInDownLeft&quot;}\" data-widget_type=\"image.default\">\n\t\t\t\t<div class=\"elementor-widget-container\">\n\t\t\t\t\t\t\t\t\t\t\t\t\t<img decoding=\"async\" width=\"237\" height=\"51\" src=\"https:\/\/laportecahors.fr\/wp-content\/uploads\/2023\/02\/Logo_UTAC_Gradient_50px.png\" class=\"attachment-large size-large wp-image-70\" alt=\"\" \/>\t\t\t\t\t\t\t\t\t\t\t\t\t<\/div>\n\t\t\t\t<\/div>\n\t\t\t\t\t<\/div>\n\t\t<\/div>\n\t\t\t\t<div class=\"elementor-column elementor-col-66 elementor-top-column elementor-element elementor-element-a49588e\" data-id=\"a49588e\" data-element_type=\"column\">\n\t\t\t<div class=\"elementor-widget-wrap elementor-element-populated\">\n\t\t\t\t\t\t<div class=\"elementor-element elementor-element-706e25f elementor-widget elementor-widget-text-editor\" data-id=\"706e25f\" data-element_type=\"widget\" data-widget_type=\"text-editor.default\">\n\t\t\t\t<div class=\"elementor-widget-container\">\n\t\t\t\t\t\t\t<p class=\"m-size-16 size-20 text-align-center\"><span style=\"color: #000000;\"><span class=\"m-font-size-16 font-size-20\">Am\u00e9nageur qualifi\u00e9 UTAC, nous installons vos doubles commandes<br \/><\/span><span class=\"m-font-size-16 font-size-20\">(p\u00e9dales et t\u00e9l\u00e9commande moniteur) pour votre v\u00e9hicule auto-\u00e9cole.<\/span><\/span><\/p><p><span style=\"color: #000000;\">Nous effectuons \u00e9galement la d\u00e9pose pour une reconversion du v\u00e9hicule en VP.<\/span><\/p>\t\t\t\t\t\t<\/div>\n\t\t\t\t<\/div>\n\t\t\t\t<div class=\"elementor-element elementor-element-79ad8e6 elementor-widget elementor-widget-spacer\" data-id=\"79ad8e6\" data-element_type=\"widget\" data-widget_type=\"spacer.default\">\n\t\t\t\t<div class=\"elementor-widget-container\">\n\t\t\t\t\t<div class=\"elementor-spacer\">\n\t\t\t<div class=\"elementor-spacer-inner\"><\/div>\n\t\t<\/div>\n\t\t\t\t<\/div>\n\t\t\t\t<\/div>\n\t\t\t\t\t<\/div>\n\t\t<\/div>\n\t\t\t\t\t<\/div>\n\t\t<\/section>\n\t\t\t\t<\/div>\n\t\t","protected":false},"excerpt":{"rendered":"<p>R\u00e9paration V\u00e9hicules Toutes Marques Distibuteur de pi\u00e8ces Automobiles Adaptation de v\u00e9hicules PMR-VU Di\u00e9s\u00e9liste\u00a0 Pi\u00e8ces et accessoires autos (neuf) Adaptation\u00a0 v\u00e9hicule Auto-\u00e9cole Chers clients, Au nom de toute l&rsquo;\u00e9quipe, nous tenons \u00e0 vous remercier pour votre confiance et votre fid\u00e9lit\u00e9 tout au long de cette ann\u00e9e.Nous sommes fiers de pouvoir compter sur vous et nous sommes [&hellip;]<\/p>\n","protected":false},"author":1,"featured_media":0,"parent":0,"menu_order":0,"comment_status":"closed","ping_status":"closed","template":"","meta":{"footnotes":""},"class_list":["post-224","page","type-page","status-publish","hentry"],"_links":{"self":[{"href":"https:\/\/laportecahors.fr\/index.php\/wp-json\/wp\/v2\/pages\/224","targetHints":{"allow":["GET"]}}],"collection":[{"href":"https:\/\/laportecahors.fr\/index.php\/wp-json\/wp\/v2\/pages"}],"about":[{"href":"https:\/\/laportecahors.fr\/index.php\/wp-json\/wp\/v2\/types\/page"}],"author":[{"embeddable":true,"href":"https:\/\/laportecahors.fr\/index.php\/wp-json\/wp\/v2\/users\/1"}],"replies":[{"embeddable":true,"href":"https:\/\/laportecahors.fr\/index.php\/wp-json\/wp\/v2\/comments?post=224"}],"version-history":[{"count":100,"href":"https:\/\/laportecahors.fr\/index.php\/wp-json\/wp\/v2\/pages\/224\/revisions"}],"predecessor-version":[{"id":586,"href":"https:\/\/laportecahors.fr\/index.php\/wp-json\/wp\/v2\/pages\/224\/revisions\/586"}],"wp:attachment":[{"href":"https:\/\/laportecahors.fr\/index.php\/wp-json\/wp\/v2\/media?parent=224"}],"curies":[{"name":"wp","href":"https:\/\/api.w.org\/{rel}","templated":true}]}}