{"id":356,"date":"2023-02-15T14:44:47","date_gmt":"2023-02-15T13:44:47","guid":{"rendered":"https:\/\/laportecahors.fr\/?page_id=356"},"modified":"2023-03-15T14:06:24","modified_gmt":"2023-03-15T13:06:24","slug":"adaptation-de-vehicules-pmr","status":"publish","type":"page","link":"https:\/\/laportecahors.fr\/index.php\/adaptation-de-vehicules-pmr\/","title":{"rendered":"Adaptation de v\u00e9hicules PMR"},"content":{"rendered":"\t\t<div data-elementor-type=\"wp-page\" data-elementor-id=\"356\" class=\"elementor elementor-356\" data-elementor-post-type=\"page\">\n\t\t\t\t\t\t<section class=\"elementor-section elementor-top-section elementor-element elementor-element-046117c elementor-section-boxed elementor-section-height-default elementor-section-height-default\" data-id=\"046117c\" data-element_type=\"section\">\n\t\t\t\t\t\t<div class=\"elementor-container elementor-column-gap-default\">\n\t\t\t\t\t<div class=\"elementor-column elementor-col-100 elementor-top-column elementor-element elementor-element-178e38e\" data-id=\"178e38e\" data-element_type=\"column\">\n\t\t\t<div class=\"elementor-widget-wrap elementor-element-populated\">\n\t\t\t\t\t\t<div class=\"elementor-element elementor-element-5a0a4b1 elementor-widget elementor-widget-spacer\" data-id=\"5a0a4b1\" data-element_type=\"widget\" data-widget_type=\"spacer.default\">\n\t\t\t\t<div class=\"elementor-widget-container\">\n\t\t\t<style>\/*! elementor - v3.20.0 - 13-03-2024 *\/\n.elementor-column .elementor-spacer-inner{height:var(--spacer-size)}.e-con{--container-widget-width:100%}.e-con-inner>.elementor-widget-spacer,.e-con>.elementor-widget-spacer{width:var(--container-widget-width,var(--spacer-size));--align-self:var(--container-widget-align-self,initial);--flex-shrink:0}.e-con-inner>.elementor-widget-spacer>.elementor-widget-container,.e-con>.elementor-widget-spacer>.elementor-widget-container{height:100%;width:100%}.e-con-inner>.elementor-widget-spacer>.elementor-widget-container>.elementor-spacer,.e-con>.elementor-widget-spacer>.elementor-widget-container>.elementor-spacer{height:100%}.e-con-inner>.elementor-widget-spacer>.elementor-widget-container>.elementor-spacer>.elementor-spacer-inner,.e-con>.elementor-widget-spacer>.elementor-widget-container>.elementor-spacer>.elementor-spacer-inner{height:var(--container-widget-height,var(--spacer-size))}.e-con-inner>.elementor-widget-spacer.elementor-widget-empty,.e-con>.elementor-widget-spacer.elementor-widget-empty{position:relative;min-height:22px;min-width:22px}.e-con-inner>.elementor-widget-spacer.elementor-widget-empty .elementor-widget-empty-icon,.e-con>.elementor-widget-spacer.elementor-widget-empty .elementor-widget-empty-icon{position:absolute;top:0;bottom:0;left:0;right:0;margin:auto;padding:0;width:22px;height:22px}<\/style>\t\t<div class=\"elementor-spacer\">\n\t\t\t<div class=\"elementor-spacer-inner\"><\/div>\n\t\t<\/div>\n\t\t\t\t<\/div>\n\t\t\t\t<\/div>\n\t\t\t\t<div class=\"elementor-element elementor-element-303b0cb elementor-widget elementor-widget-heading\" data-id=\"303b0cb\" data-element_type=\"widget\" data-widget_type=\"heading.default\">\n\t\t\t\t<div class=\"elementor-widget-container\">\n\t\t\t<style>\/*! elementor - v3.20.0 - 13-03-2024 *\/\n.elementor-heading-title{padding:0;margin:0;line-height:1}.elementor-widget-heading .elementor-heading-title[class*=elementor-size-]>a{color:inherit;font-size:inherit;line-height:inherit}.elementor-widget-heading .elementor-heading-title.elementor-size-small{font-size:15px}.elementor-widget-heading .elementor-heading-title.elementor-size-medium{font-size:19px}.elementor-widget-heading .elementor-heading-title.elementor-size-large{font-size:29px}.elementor-widget-heading .elementor-heading-title.elementor-size-xl{font-size:39px}.elementor-widget-heading .elementor-heading-title.elementor-size-xxl{font-size:59px}<\/style><h2 class=\"elementor-heading-title elementor-size-medium\">AM\u00c9NAGEMENT DE V\u00c9HICULES POUR PERSONNES \u00c0 MOBILIT\u00c9 R\u00c9DUITE<\/h2>\t\t<\/div>\n\t\t\t\t<\/div>\n\t\t\t\t<div class=\"elementor-element elementor-element-99f3909 elementor-widget elementor-widget-spacer\" data-id=\"99f3909\" data-element_type=\"widget\" data-widget_type=\"spacer.default\">\n\t\t\t\t<div class=\"elementor-widget-container\">\n\t\t\t\t\t<div class=\"elementor-spacer\">\n\t\t\t<div class=\"elementor-spacer-inner\"><\/div>\n\t\t<\/div>\n\t\t\t\t<\/div>\n\t\t\t\t<\/div>\n\t\t\t\t\t<\/div>\n\t\t<\/div>\n\t\t\t\t\t<\/div>\n\t\t<\/section>\n\t\t\t\t<section class=\"elementor-section elementor-top-section elementor-element elementor-element-59c972c elementor-section-boxed elementor-section-height-default elementor-section-height-default\" data-id=\"59c972c\" data-element_type=\"section\">\n\t\t\t\t\t\t<div class=\"elementor-container elementor-column-gap-default\">\n\t\t\t\t\t<div class=\"elementor-column elementor-col-33 elementor-top-column elementor-element elementor-element-fe889cb\" data-id=\"fe889cb\" data-element_type=\"column\">\n\t\t\t<div class=\"elementor-widget-wrap elementor-element-populated\">\n\t\t\t\t\t\t<div class=\"elementor-element elementor-element-31b20e0 elementor-widget elementor-widget-image\" data-id=\"31b20e0\" data-element_type=\"widget\" data-widget_type=\"image.default\">\n\t\t\t\t<div class=\"elementor-widget-container\">\n\t\t\t<style>\/*! elementor - v3.20.0 - 13-03-2024 *\/\n.elementor-widget-image{text-align:center}.elementor-widget-image a{display:inline-block}.elementor-widget-image a img[src$=\".svg\"]{width:48px}.elementor-widget-image img{vertical-align:middle;display:inline-block}<\/style>\t\t\t\t\t\t\t\t\t\t<img fetchpriority=\"high\" decoding=\"async\" width=\"480\" height=\"640\" src=\"https:\/\/laportecahors.fr\/wp-content\/uploads\/2023\/02\/pmr1.webp\" class=\"attachment-large size-large wp-image-359\" alt=\"\" srcset=\"https:\/\/laportecahors.fr\/wp-content\/uploads\/2023\/02\/pmr1.webp 480w, https:\/\/laportecahors.fr\/wp-content\/uploads\/2023\/02\/pmr1-225x300.webp 225w\" sizes=\"(max-width: 480px) 100vw, 480px\" \/>\t\t\t\t\t\t\t\t\t\t\t\t\t<\/div>\n\t\t\t\t<\/div>\n\t\t\t\t\t<\/div>\n\t\t<\/div>\n\t\t\t\t<div class=\"elementor-column elementor-col-66 elementor-top-column elementor-element elementor-element-b97b8d9\" data-id=\"b97b8d9\" data-element_type=\"column\">\n\t\t\t<div class=\"elementor-widget-wrap elementor-element-populated\">\n\t\t\t\t\t\t<div class=\"elementor-element elementor-element-ffbb695 elementor-widget elementor-widget-text-editor\" data-id=\"ffbb695\" data-element_type=\"widget\" data-widget_type=\"text-editor.default\">\n\t\t\t\t<div class=\"elementor-widget-container\">\n\t\t\t<style>\/*! elementor - v3.20.0 - 13-03-2024 *\/\n.elementor-widget-text-editor.elementor-drop-cap-view-stacked .elementor-drop-cap{background-color:#69727d;color:#fff}.elementor-widget-text-editor.elementor-drop-cap-view-framed .elementor-drop-cap{color:#69727d;border:3px solid;background-color:transparent}.elementor-widget-text-editor:not(.elementor-drop-cap-view-default) .elementor-drop-cap{margin-top:8px}.elementor-widget-text-editor:not(.elementor-drop-cap-view-default) .elementor-drop-cap-letter{width:1em;height:1em}.elementor-widget-text-editor .elementor-drop-cap{float:left;text-align:center;line-height:1;font-size:50px}.elementor-widget-text-editor .elementor-drop-cap-letter{display:inline-block}<\/style>\t\t\t\t<p><br \/><span style=\"color: #000000;\">\u00cates-vous fatigu\u00e9 de vous battre avec des \u00e9quipements de voiture qui ne sont pas adapt\u00e9s \u00e0 vos besoins en mati\u00e8re de mobilit\u00e9 r\u00e9duite ? Avez-vous du mal \u00e0 entrer et sortir de votre v\u00e9hicule en toute s\u00e9curit\u00e9 ? Nous sommes l\u00e0 pour vous aider !<\/span><br \/><br \/><span style=\"color: #000000;\">Nous sommes une entreprise sp\u00e9cialis\u00e9e dans le montage d&rsquo;\u00e9quipements de voiture pour les personnes \u00e0 mobilit\u00e9 r\u00e9duite. Nous comprenons \u00e0 quel point il est important pour vous d&rsquo;avoir un v\u00e9hicule qui soit s\u00fbr, confortable et facile \u00e0 utiliser. C&rsquo;est pourquoi nous offrons une large gamme d&rsquo;\u00e9quipements de voiture qui peuvent \u00eatre adapt\u00e9s \u00e0 vos besoins individuels.<\/span><br \/><br \/><span style=\"color: #000000;\">Notre \u00e9quipe de professionnels qualifi\u00e9s est l\u00e0 pour vous aider \u00e0 choisir les \u00e9quipements qui conviennent le mieux \u00e0 votre v\u00e9hicule et \u00e0 vos besoins. Nous sommes fiers de notre expertise et de notre capacit\u00e9 \u00e0 offrir des solutions personnalis\u00e9es \u00e0 chaque client.<\/span><br \/><br \/><span style=\"color: #000000;\">Nous offrons une vari\u00e9t\u00e9 d&rsquo;options d&rsquo;\u00e9quipements de voiture pour les personnes \u00e0 mobilit\u00e9 r\u00e9duite, y compris des rampes d&rsquo;acc\u00e8s, des si\u00e8ges de transfert, des commandes manuelles et \u00e9lectroniques, et bien plus encore. Nous travaillons avec des marques de qualit\u00e9 pour vous assurer une installation s\u00fbre et efficace.<\/span><br \/><br \/><span style=\"color: #000000;\">Nous sommes d\u00e9termin\u00e9s \u00e0 offrir un service exceptionnel \u00e0 tous nos clients. Nous sommes fiers de notre service apr\u00e8s-vente, qui comprend des conseils d&rsquo;entretien, des r\u00e9parations et des mises \u00e0 niveau d&rsquo;\u00e9quipements. Nous nous engageons \u00e0 assurer votre s\u00e9curit\u00e9 et votre confort \u00e0 tout moment.<\/span><br \/><br \/><span style=\"color: #000000;\">Contactez-nous d\u00e8s maintenant pour discuter de vos besoins en mati\u00e8re d&rsquo;\u00e9quipements de voiture pour les personnes \u00e0 mobilit\u00e9 r\u00e9duite. Nous sommes impatients de vous aider \u00e0 retrouver votre mobilit\u00e9 et votre ind\u00e9pendance sur la route.<\/span><\/p>\t\t\t\t\t\t<\/div>\n\t\t\t\t<\/div>\n\t\t\t\t<div class=\"elementor-element elementor-element-7c2b9c5 elementor-widget elementor-widget-spacer\" data-id=\"7c2b9c5\" data-element_type=\"widget\" data-widget_type=\"spacer.default\">\n\t\t\t\t<div class=\"elementor-widget-container\">\n\t\t\t\t\t<div class=\"elementor-spacer\">\n\t\t\t<div class=\"elementor-spacer-inner\"><\/div>\n\t\t<\/div>\n\t\t\t\t<\/div>\n\t\t\t\t<\/div>\n\t\t\t\t\t<\/div>\n\t\t<\/div>\n\t\t\t\t\t<\/div>\n\t\t<\/section>\n\t\t\t\t<section class=\"elementor-section elementor-top-section elementor-element elementor-element-71d39b2 elementor-section-boxed elementor-section-height-default elementor-section-height-default\" data-id=\"71d39b2\" data-element_type=\"section\">\n\t\t\t\t\t\t<div class=\"elementor-container elementor-column-gap-default\">\n\t\t\t\t\t<div class=\"elementor-column elementor-col-33 elementor-top-column elementor-element elementor-element-ed3cd95\" data-id=\"ed3cd95\" data-element_type=\"column\">\n\t\t\t<div class=\"elementor-widget-wrap elementor-element-populated\">\n\t\t\t\t\t\t<div class=\"elementor-element elementor-element-e074521 elementor-widget elementor-widget-image\" data-id=\"e074521\" data-element_type=\"widget\" data-widget_type=\"image.default\">\n\t\t\t\t<div class=\"elementor-widget-container\">\n\t\t\t\t\t\t\t\t\t\t\t\t\t<img decoding=\"async\" width=\"300\" height=\"225\" src=\"https:\/\/laportecahors.fr\/wp-content\/uploads\/2023\/02\/pmr4-300x225.webp\" class=\"attachment-medium size-medium wp-image-366\" alt=\"\" srcset=\"https:\/\/laportecahors.fr\/wp-content\/uploads\/2023\/02\/pmr4-300x225.webp 300w, https:\/\/laportecahors.fr\/wp-content\/uploads\/2023\/02\/pmr4-1024x768.webp 1024w, https:\/\/laportecahors.fr\/wp-content\/uploads\/2023\/02\/pmr4-768x576.webp 768w, https:\/\/laportecahors.fr\/wp-content\/uploads\/2023\/02\/pmr4-1536x1152.webp 1536w, https:\/\/laportecahors.fr\/wp-content\/uploads\/2023\/02\/pmr4.webp 1600w\" sizes=\"(max-width: 300px) 100vw, 300px\" \/>\t\t\t\t\t\t\t\t\t\t\t\t\t<\/div>\n\t\t\t\t<\/div>\n\t\t\t\t\t<\/div>\n\t\t<\/div>\n\t\t\t\t<div class=\"elementor-column elementor-col-33 elementor-top-column elementor-element elementor-element-d6dd13e\" data-id=\"d6dd13e\" data-element_type=\"column\">\n\t\t\t<div class=\"elementor-widget-wrap elementor-element-populated\">\n\t\t\t\t\t\t<div class=\"elementor-element elementor-element-e9a9743 elementor-widget elementor-widget-image\" data-id=\"e9a9743\" data-element_type=\"widget\" data-widget_type=\"image.default\">\n\t\t\t\t<div class=\"elementor-widget-container\">\n\t\t\t\t\t\t\t\t\t\t\t\t\t<img decoding=\"async\" width=\"800\" height=\"389\" src=\"https:\/\/laportecahors.fr\/wp-content\/uploads\/2023\/03\/20230302_111753_resized-1024x498.jpg\" class=\"attachment-large size-large wp-image-532\" alt=\"\" srcset=\"https:\/\/laportecahors.fr\/wp-content\/uploads\/2023\/03\/20230302_111753_resized-1024x498.jpg 1024w, https:\/\/laportecahors.fr\/wp-content\/uploads\/2023\/03\/20230302_111753_resized-300x146.jpg 300w, https:\/\/laportecahors.fr\/wp-content\/uploads\/2023\/03\/20230302_111753_resized-768x373.jpg 768w, https:\/\/laportecahors.fr\/wp-content\/uploads\/2023\/03\/20230302_111753_resized-1536x747.jpg 1536w, https:\/\/laportecahors.fr\/wp-content\/uploads\/2023\/03\/20230302_111753_resized.jpg 2016w\" sizes=\"(max-width: 800px) 100vw, 800px\" \/>\t\t\t\t\t\t\t\t\t\t\t\t\t<\/div>\n\t\t\t\t<\/div>\n\t\t\t\t<div class=\"elementor-element elementor-element-b0c12a2 elementor-widget elementor-widget-image\" data-id=\"b0c12a2\" data-element_type=\"widget\" data-widget_type=\"image.default\">\n\t\t\t\t<div class=\"elementor-widget-container\">\n\t\t\t\t\t\t\t\t\t\t\t\t\t<img loading=\"lazy\" decoding=\"async\" width=\"146\" height=\"300\" src=\"https:\/\/laportecahors.fr\/wp-content\/uploads\/2023\/03\/20230302_111801_resized-146x300.jpg\" class=\"attachment-medium size-medium wp-image-533\" alt=\"\" srcset=\"https:\/\/laportecahors.fr\/wp-content\/uploads\/2023\/03\/20230302_111801_resized-146x300.jpg 146w, https:\/\/laportecahors.fr\/wp-content\/uploads\/2023\/03\/20230302_111801_resized-498x1024.jpg 498w, https:\/\/laportecahors.fr\/wp-content\/uploads\/2023\/03\/20230302_111801_resized-768x1580.jpg 768w, https:\/\/laportecahors.fr\/wp-content\/uploads\/2023\/03\/20230302_111801_resized-747x1536.jpg 747w, https:\/\/laportecahors.fr\/wp-content\/uploads\/2023\/03\/20230302_111801_resized.jpg 980w\" sizes=\"(max-width: 146px) 100vw, 146px\" \/>\t\t\t\t\t\t\t\t\t\t\t\t\t<\/div>\n\t\t\t\t<\/div>\n\t\t\t\t\t<\/div>\n\t\t<\/div>\n\t\t\t\t<div class=\"elementor-column elementor-col-33 elementor-top-column elementor-element elementor-element-e716e17\" data-id=\"e716e17\" data-element_type=\"column\">\n\t\t\t<div class=\"elementor-widget-wrap elementor-element-populated\">\n\t\t\t\t\t\t<div class=\"elementor-element elementor-element-467fa82 elementor-widget elementor-widget-image\" data-id=\"467fa82\" data-element_type=\"widget\" data-widget_type=\"image.default\">\n\t\t\t\t<div class=\"elementor-widget-container\">\n\t\t\t\t\t\t\t\t\t\t\t\t\t<img loading=\"lazy\" decoding=\"async\" width=\"225\" height=\"300\" src=\"https:\/\/laportecahors.fr\/wp-content\/uploads\/2023\/02\/pmr3-225x300.jpg\" class=\"attachment-medium size-medium wp-image-365\" alt=\"\" srcset=\"https:\/\/laportecahors.fr\/wp-content\/uploads\/2023\/02\/pmr3-225x300.jpg 225w, https:\/\/laportecahors.fr\/wp-content\/uploads\/2023\/02\/pmr3.jpg 300w\" sizes=\"(max-width: 225px) 100vw, 225px\" \/>\t\t\t\t\t\t\t\t\t\t\t\t\t<\/div>\n\t\t\t\t<\/div>\n\t\t\t\t\t<\/div>\n\t\t<\/div>\n\t\t\t\t\t<\/div>\n\t\t<\/section>\n\t\t\t\t<section class=\"elementor-section elementor-top-section elementor-element elementor-element-66e373f elementor-section-boxed elementor-section-height-default elementor-section-height-default\" data-id=\"66e373f\" data-element_type=\"section\">\n\t\t\t\t\t\t<div class=\"elementor-container elementor-column-gap-default\">\n\t\t\t\t\t<div class=\"elementor-column elementor-col-33 elementor-top-column elementor-element elementor-element-39fd915\" data-id=\"39fd915\" data-element_type=\"column\">\n\t\t\t<div class=\"elementor-widget-wrap elementor-element-populated\">\n\t\t\t\t\t\t<div class=\"elementor-element elementor-element-5c233a2 elementor-widget elementor-widget-video\" data-id=\"5c233a2\" data-element_type=\"widget\" data-settings=\"{&quot;youtube_url&quot;:&quot;https:\\\/\\\/youtu.be\\\/RBiVPP89lo8&quot;,&quot;video_type&quot;:&quot;youtube&quot;,&quot;controls&quot;:&quot;yes&quot;}\" data-widget_type=\"video.default\">\n\t\t\t\t<div class=\"elementor-widget-container\">\n\t\t\t<style>\/*! elementor - v3.20.0 - 13-03-2024 *\/\n.elementor-widget-video .elementor-widget-container{overflow:hidden;transform:translateZ(0)}.elementor-widget-video .elementor-wrapper{aspect-ratio:var(--video-aspect-ratio)}.elementor-widget-video .elementor-wrapper iframe,.elementor-widget-video .elementor-wrapper video{height:100%;width:100%;display:flex;border:none;background-color:#000}@supports not (aspect-ratio:1\/1){.elementor-widget-video .elementor-wrapper{position:relative;overflow:hidden;height:0;padding-bottom:calc(100% \/ var(--video-aspect-ratio))}.elementor-widget-video .elementor-wrapper iframe,.elementor-widget-video .elementor-wrapper video{position:absolute;top:0;right:0;bottom:0;left:0}}.elementor-widget-video .elementor-open-inline .elementor-custom-embed-image-overlay{position:absolute;top:0;right:0;bottom:0;left:0;background-size:cover;background-position:50%}.elementor-widget-video .elementor-custom-embed-image-overlay{cursor:pointer;text-align:center}.elementor-widget-video .elementor-custom-embed-image-overlay:hover .elementor-custom-embed-play i{opacity:1}.elementor-widget-video .elementor-custom-embed-image-overlay img{display:block;width:100%;aspect-ratio:var(--video-aspect-ratio);-o-object-fit:cover;object-fit:cover;-o-object-position:center center;object-position:center center}@supports not (aspect-ratio:1\/1){.elementor-widget-video .elementor-custom-embed-image-overlay{position:relative;overflow:hidden;height:0;padding-bottom:calc(100% \/ var(--video-aspect-ratio))}.elementor-widget-video .elementor-custom-embed-image-overlay img{position:absolute;top:0;right:0;bottom:0;left:0}}.elementor-widget-video .e-hosted-video .elementor-video{-o-object-fit:cover;object-fit:cover}.e-con-inner>.elementor-widget-video,.e-con>.elementor-widget-video{width:var(--container-widget-width);--flex-grow:var(--container-widget-flex-grow)}<\/style>\t\t<div class=\"elementor-wrapper elementor-open-inline\">\n\t\t\t<div class=\"elementor-video\"><\/div>\t\t<\/div>\n\t\t\t\t<\/div>\n\t\t\t\t<\/div>\n\t\t\t\t\t<\/div>\n\t\t<\/div>\n\t\t\t\t<div class=\"elementor-column elementor-col-33 elementor-top-column elementor-element elementor-element-0c890e3\" data-id=\"0c890e3\" data-element_type=\"column\">\n\t\t\t<div class=\"elementor-widget-wrap elementor-element-populated\">\n\t\t\t\t\t\t<div class=\"elementor-element elementor-element-e5fda2f elementor-widget elementor-widget-video\" data-id=\"e5fda2f\" data-element_type=\"widget\" data-settings=\"{&quot;youtube_url&quot;:&quot;https:\\\/\\\/youtu.be\\\/VSZJI2kKh8w&quot;,&quot;autoplay&quot;:&quot;yes&quot;,&quot;video_type&quot;:&quot;youtube&quot;,&quot;controls&quot;:&quot;yes&quot;}\" data-widget_type=\"video.default\">\n\t\t\t\t<div class=\"elementor-widget-container\">\n\t\t\t\t\t<div class=\"elementor-wrapper elementor-open-inline\">\n\t\t\t<div class=\"elementor-video\"><\/div>\t\t<\/div>\n\t\t\t\t<\/div>\n\t\t\t\t<\/div>\n\t\t\t\t<div class=\"elementor-element elementor-element-3dc7f8f elementor-widget elementor-widget-spacer\" data-id=\"3dc7f8f\" data-element_type=\"widget\" data-widget_type=\"spacer.default\">\n\t\t\t\t<div class=\"elementor-widget-container\">\n\t\t\t\t\t<div class=\"elementor-spacer\">\n\t\t\t<div class=\"elementor-spacer-inner\"><\/div>\n\t\t<\/div>\n\t\t\t\t<\/div>\n\t\t\t\t<\/div>\n\t\t\t\t\t<\/div>\n\t\t<\/div>\n\t\t\t\t<div class=\"elementor-column elementor-col-33 elementor-top-column elementor-element elementor-element-2dea72d\" data-id=\"2dea72d\" data-element_type=\"column\">\n\t\t\t<div class=\"elementor-widget-wrap elementor-element-populated\">\n\t\t\t\t\t\t<div class=\"elementor-element elementor-element-ff6dafa elementor-widget elementor-widget-video\" data-id=\"ff6dafa\" data-element_type=\"widget\" data-settings=\"{&quot;youtube_url&quot;:&quot;https:\\\/\\\/youtu.be\\\/zS9aPHSR8xY&quot;,&quot;video_type&quot;:&quot;youtube&quot;,&quot;controls&quot;:&quot;yes&quot;}\" data-widget_type=\"video.default\">\n\t\t\t\t<div class=\"elementor-widget-container\">\n\t\t\t\t\t<div class=\"elementor-wrapper elementor-open-inline\">\n\t\t\t<div class=\"elementor-video\"><\/div>\t\t<\/div>\n\t\t\t\t<\/div>\n\t\t\t\t<\/div>\n\t\t\t\t\t<\/div>\n\t\t<\/div>\n\t\t\t\t\t<\/div>\n\t\t<\/section>\n\t\t\t\t<\/div>\n\t\t","protected":false},"excerpt":{"rendered":"<p>AM\u00c9NAGEMENT DE V\u00c9HICULES POUR PERSONNES \u00c0 MOBILIT\u00c9 R\u00c9DUITE \u00cates-vous fatigu\u00e9 de vous battre avec des \u00e9quipements de voiture qui ne sont pas adapt\u00e9s \u00e0 vos besoins en mati\u00e8re de mobilit\u00e9 r\u00e9duite ? Avez-vous du mal \u00e0 entrer et sortir de votre v\u00e9hicule en toute s\u00e9curit\u00e9 ? Nous sommes l\u00e0 pour vous aider ! Nous sommes [&hellip;]<\/p>\n","protected":false},"author":1,"featured_media":0,"parent":0,"menu_order":0,"comment_status":"closed","ping_status":"closed","template":"","meta":{"footnotes":""},"class_list":["post-356","page","type-page","status-publish","hentry"],"_links":{"self":[{"href":"https:\/\/laportecahors.fr\/index.php\/wp-json\/wp\/v2\/pages\/356","targetHints":{"allow":["GET"]}}],"collection":[{"href":"https:\/\/laportecahors.fr\/index.php\/wp-json\/wp\/v2\/pages"}],"about":[{"href":"https:\/\/laportecahors.fr\/index.php\/wp-json\/wp\/v2\/types\/page"}],"author":[{"embeddable":true,"href":"https:\/\/laportecahors.fr\/index.php\/wp-json\/wp\/v2\/users\/1"}],"replies":[{"embeddable":true,"href":"https:\/\/laportecahors.fr\/index.php\/wp-json\/wp\/v2\/comments?post=356"}],"version-history":[{"count":49,"href":"https:\/\/laportecahors.fr\/index.php\/wp-json\/wp\/v2\/pages\/356\/revisions"}],"predecessor-version":[{"id":538,"href":"https:\/\/laportecahors.fr\/index.php\/wp-json\/wp\/v2\/pages\/356\/revisions\/538"}],"wp:attachment":[{"href":"https:\/\/laportecahors.fr\/index.php\/wp-json\/wp\/v2\/media?parent=356"}],"curies":[{"name":"wp","href":"https:\/\/api.w.org\/{rel}","templated":true}]}}